ose -3*j + j = z - 28, m*z = 4*j - 44. What are the prime factors of j?
13
Suppose 0 = 2*p - 3 - 65. What are the prime factors of p?
2, 17
Let q(j) = j**2 + 3*j + 6. Let n(p) = 3*p**2 + 10*p + 18. Let h(f) = -6*n(f) + 17*q(f). Let v be h(-8). List the prime factors of (-35)/(-10) + (-1)/v.
3
What are the prime factors of 2584/40 - 6/10?
2
Suppose -2*w = -n + 1 - 0, -4*n - 32 = 4*w. List the prime factors of 88*(w - (-7)/2).
2, 11
Suppose 2*l - 14 = -s, 7*s - 3*s = 2*l - 24. What are the prime factors of l?
2
Suppose 3*t + 7 + 47 = 0. Suppose 2*h = -2*h - 108. Let p = t - h. What are the prime factors of p?
3
Suppose -s + 30 = 5*f + 3*s, -s = 2*f - 9. Suppose 5 = w - f. What are the prime factors of w?
7
Suppose z + 10 - 15 = 0. Let x = 20 - z. List the prime factors of x.
3, 5
List the prime factors of (-7 - -2)*220/(-25).
2, 11
Let c(d) = -12*d - 2*d + 0*d - 5*d. Let p(g) = -g**3 - 8*g**2 + 10*g + 8. Let u be p(-9). List the prime factors of c(u).
19
Let y be (-70)/(-4) + 6/12. Suppose 3*w - y = 15. List the prime factors of w.
11
Let y(r) = r**3 + 8*r**2 + 7*r. Let x be y(-7). Suppose -2*z = -8*n + 4*n + 6, x = -4*n - 2*z + 26. List the prime factors of n.
2
Let a = 161 - 102. What are the prime factors of a?
59
Let w(o) = o + 2. Let c = 9 - 2. What are the prime factors of w(c)?
3
Suppose -4*o + 3*p = -171, 2*o - p + 183 = 6*o. List the prime factors of o.
3, 5
Suppose -5*c + 32 = -3*g, 3*c = 4*c - 4*g - 20. Suppose c*r + 5*s = 18, -2*r + 5*s - 14 = -4*r. Suppose a = 12 - r. List the prime factors of a.
2, 5
Suppose 3*b + 0*m = -3*m - 6, -2*m = -b - 17. Let p = b + 7. Suppose -o + 2*c + 12 = 0, c = -p*c - 2. List the prime factors of o.
2
Let h = -14 + 16. What are the prime factors of (9 + 0)/3*h?
2, 3
Let p be (-8)/(-20) + 27/(-5). Let a be -2*p/(10/4). Suppose 0 = a*y + 6 - 42. What are the prime factors of y?
3
Let x = 124 - 74. What are the prime factors of x?
2, 5
Let r be 2 - (2 + 0)*-1. Suppose 0 = -4*f + 3*z - 6, -2*f - 4*z = -5*z + r. List the prime factors of 9/(-2)*4/f.
2, 3
Let r(m) be the second derivative of -5*m**3/3 - 3*m**2/2 - m. Let d(p) = -2*p**3 + p**2 - 2*p + 1. Let j be d(1). List the prime factors of r(j).
17
Let a = 23 - 13. Suppose 0 = -2*f + 3*f - 3. Let c = f + a. List the prime factors of c.
13
Let n(g) = -3*g**3 - 3 - 2 + 4 - 4*g**2 - 3*g + 0. What are the prime factors of n(-2)?
13
Let y(b) = -24*b - 8. What are the prime factors of y(-1)?
2
Let a be (-2)/(-2)*(-4 - 1). Let s be (-3)/(-4)*(-13 - a). What are the prime factors of 2 - s - 0 - 1?
7
Let g = 97 + 72. What are the prime factors of g?
13
Let g = -16 - -7. List the prime factors of (-16)/g - (-4)/18.
2
Let f be (-7 + 6)*(-2 + -1). Suppose g - 3 = -f*j, j + 3 = g + 2*j. List the prime factors of g.
3
Let x be (6 + -3)*(-8)/(-6). Suppose -q = -5*k + x, -2*q = 3*k - 2 - 3. Suppose -k = -o + 2. What are the prime factors of o?
3
Let s(t) = -2*t**2 + 3*t + 6. Let b be s(-2). What are the prime factors of 28*((-4)/b)/1?
2, 7
Let q = -8 + 6. Let p be ((-2)/q)/(3/6). Suppose 5*d - 15 = -4*i, 6*i - 6 = -p*d + 4*i. List the prime factors of d.
3
Suppose 2*s - 4*t + 838 = -460, 5*s - 2*t = -3205. List the prime factors of (-2)/(-5) - s/15.
43
Let s be (-1)/(-2*2/8). Suppose 15 = 2*c + 3*t - 7, s*c = -t + 14. Let x = c - 3. List the prime factors of x.
2
Suppose 2*r + 11 = 63. What are the prime factors of r?
2, 13
Let k be 14 - (-3 + 4 + 0). Suppose 4*i = 5*i - k. What are the prime factors of i?
13
Suppose 4*a + 0*a + 5*x = -1, -1 = -2*a - 3*x. What are the prime factors of (-1)/a - 39/(-4)?
2, 5
Let t(w) = w**3 - 15*w**2 - 16*w + 3. What are the prime factors of t(16)?
3
Let b = 22 - 13. Suppose 0 = -q - b + 40. List the prime factors of q.
31
Let z(o) = -1 + 39*o + 1. Let g be z(1). Suppose -g = -3*s - 0*s + l, -5*s - l = -57. List the prime factors of s.
2, 3
Suppose -2*d + d - 13 = 4*j, 0 = 4*d - 2*j - 20. Suppose 0 = -3*k + d + 78. List the prime factors of k.
3
Let b(o) = o**3 - 10*o**2 + 8*o - 12. Let g be b(10). Suppose 19 + g = 3*u. What are the prime factors of u?
29
Suppose 5*t = -2*s + 16 - 1, 0 = -3*t - 5*s + 9. Suppose 3*r - 5*r + 40 = 0. Suppose t*y - 4*k - r = 27, -3*y = -5*k - 46. What are the prime factors of y?
17
Let r(x) = -16*x - 2. List the prime factors of r(-6).
2, 47
Let c(h) = 7 - 3 - 3 - 14*h. What are the prime factors of c(-1)?
3, 5
Let p = 134 - 48. What are the prime factors of p?
2, 43
Let z(m) = -m**2 - m + 15. Let b(c) = -c**2 + 8*c + 2. Let n be b(9). Let o(j) = j + 7. Let p be o(n). What are the prime factors of z(p)?
3, 5
Let y(p) be the third derivative of -p**4/24 + 11*p**3/6 + 2*p**2. List the prime factors of y(6).
5
Let d(l) = 8*l**2 + 2*l + 1. Let s be d(-1). Suppose 2*g - s = -n, -5*n + 10 = 5*g - 10. Suppose -g*f + 2*f = -21. What are the prime factors of f?
3, 7
Let d = -5 + 4. Let q = 3 - d. Suppose q*m - 3*m + 33 = 3*w, -4*m - 42 = -3*w. List the prime factors of w.
2, 5
List the prime factors of -2*((-15)/(-7))/(20/(-210)).
3, 5
Suppose -3*i + 8*i - 20 = 0. Suppose b - 3*s - 160 = 0, i*b - 1156 + 456 = -3*s. List the prime factors of (-1)/(-4) + b/16.
11
Let k = 3 + 6. Suppose -k = -5*m + 136. What are the prime factors of m?
29
Let r = -3 - -6. Suppose -4*j + 73 = r*t, 0*j + 5*j = 5*t - 75. Suppose 3*k + 3*a = -a + t, -a + 6 = k. What are the prime factors of k?
5
Let f(u) = 2*u**2 + 14*u - 54. List the prime factors of f(-16).
2, 3, 13
Let c be ((-2)/(-1))/(1 + 0). Suppose 4*b + 4*l - 6 - 42 = 0, -5*l + 25 = 0. Suppose -5*r + 2*a + 38 = 0, -c*r = -b*r + 4*a + 46. List the prime factors of r.
2, 3
Let s be ((-2)/5)/(2/(-10)). Suppose 6*u - u = 25. Suppose -s*t = -u*t + 48. What are the prime factors of t?
2
Suppose 35 = k + 4*k. Suppose -k*n + 4*l = -3*n, -n - 3*l = -20. What are the prime factors of n?
5
Suppose 56 = w - 0*s + s, 5*w = 2*s + 301. What are the prime factors of w?
59
Suppose 5*k - 204 = k. What are the prime factors of k?
3, 17
Suppose -4*p = -31 + 7. What are the prime factors of -3*(2 + (-16)/p)?
2
Suppose 0 = 2*a + 5*d - 30, 2*a - 23 = -4*d + 3. Let z(v) = -4*v**3 + a*v**3 + 10 - 7 - 4*v + v**2. List the prime factors of z(2).
7
Let v(m) = m**2 + 2*m + 4. Suppose -5*b + 6 = 21. What are the prime factors of v(b)?
7
Suppose 3*i - 3 = 2*i. Suppose -z + k + 10 = 5*k, -4*k - 62 = -i*z. List the prime factors of z.
2, 3
Let y = 0 - -2. Let f = 37 + -13. Suppose 0*t = -y*t + f. List the prime factors of t.
2, 3
Let w(k) = 5*k**2. List the prime factors of w(3).
3, 5
Let m be (-45)/(-2)*(-2)/(-1). Suppose 4*q - m = -q. List the prime factors of q.
3
Suppose -6 = c - 3*c. Let m be 0*(c - (-5)/(-2)). List the prime factors of 17 - (1 - m)*3.
2, 7
Let k be (-13 + -1)*(-55)/10. Suppose -3*u + k = 11. What are the prime factors of u?
2, 11
Suppose u = s + s - 1, 0 = -5*s + 5*u - 5. Suppose 0 = -3*q + 20 - s. What are the prime factors of q?
2, 3
Suppose -3*t + 60 = -4*p, 0 = -t - p + 13. Suppose -4*m + 0 = 2*f - t, -4*f = m - 53. Suppose -o = -3*o + f. List the prime factors of o.
7
Suppose 4*u + 6 = 2. Suppose -15 = w - 4*w. Let f = w - u. List the prime factors of f.
2, 3
Suppose -10 = -2*c + 7*c, 0 = 4*s + 4*c - 72. Suppose -3*l = l - s. What are the prime factors of l?
5
Let y = -6 + 9. Suppose y*h - 9 = 6. List the prime factors of h.
5
Let z(l) = 8*l - 1 + 6*l + 10*l - 3*l. List the prime factors of z(1).
2, 5
What are the prime factors of (14/(4 + -3))/1?
2, 7
What are the prime factors of 1441/22 - 2/(-4)?
2, 3, 11
Let l(o) = -3*o**2 - 3*o. Let f be l(-2). Let d be (-3)/f + 5/(-2). List the prime factors of 12 + d/(2 - 3).
2, 7
Let i be (-117)/(-6)*(3 + -1). Let z = i + -22. List the prime factors of z.
17
Suppose -u - 3 = -9. Let k(x) = x + 1. What are the prime factors of k(u)?
7
Let v = 165 + -75. What are the prime factors of v?
2, 3, 5
Suppose -5*c + 352 = -48. List the prime factors of c.
2, 5
Let t = 4 - 5. List the prime factors of 7 - (t + -1)*1.
3
Let n(u) = u**3 + 5*u**2 + 3*u - 3. Let z be n(-3). Let k = z - 3. Let v(o) = 3*o - 2. What are the prime factors of v(k)?
7
Let p(l) = l**3 + 5*l**2 + 3*l + 1. Let z be p(-4). Suppose -26 = -5*g + 2*d, 4*g - z*d - 31 = -0*d. What are the prime factors of g?
2
Let j(f) = -6*f**2 - f. Let t be j(-1). Let r(z) = z**2 + 3*z - 1. List the p